 - 24) + 122 + -102 + -4 + -21?
-35
What is the value of (-7 - -14) + (-4 - -8 - (-18 - 29)) + -4?
54
(-29 - -1) + (24 - (-17 - (-23 + -4)))
-14
(-4415 - -4463) + -1 + (2 - 2) + 1 + 4
52
Evaluate 7 + (0 - -7 - 5 - -3) + -11 + 12.
13
What is the value of (91 - (190 + -111)) + (12 - (3 + -2)) + 10?
33
What is (-16 - -7 - (-3 - 22) - 11) + 61 + -4?
62
Calculate 17 + -19 + -4 + (-7 - (-13 - -13)) + 17.
4
What is the value of 3 - 17 - (3 - 4) - (-121 - -153)?
-45
What is -14 + (-12 - -4 - -24) + 1 + -12?
-9
What is (-2 + -14 + 16 - 30) + (15 - 4)?
-19
What is -10 + -4 + (9 - (-5 - -9)) - -7?
-2
What is 2647 + -2645 + -1 + 94?
95
Evaluate (-29 - (-29 - 6)) + -51 + -2 + 6.
-41
25 + -22 - 1 - (-47 + -3)
52
Calculate (65 + 6 - 70) + 0 + -2.
-1
-18 + 12 + (-21 - -9) + -2
-20
What is (-31 + 59 - 42) + 14 + -14 - (1 - 153)?
138
-10 + 7 + (-2 - -13) + 9 + 9
26
What is (-197 - -126 - -104) + 8 + 1?
42
Calculate -12 - (-45 + (-1 - -10 - (-75 + 70))).
19
What is the value of -2 + (10 + 3 + -27 - -20) + 9?
13
(45 - (-156 + 177)) + 0 + 9
33
What is 20 - (24 + 20 - 17) - (-4 - -89)?
-92
What is (-1 - (8 - 5) - -16) + -4 + -11?
-3
What is the value of 3 - (0 + -2 + 14) - (-12206 + 12141)?
56
Calculate (-11 - -11) + -5 - (1 - (-18 - -1 - -101)).
78
Evaluate (62 - -19) + (0 - 9) - -12.
84
10 - 223 - (1066 + -1150)
-129
What is the value of 68 + -77 - (-1 - (-5 + 13 + 31))?
31
Calculate -38 + (-41 - -52 - (10 + 1) - 8).
-46
What is the value of (-29 - -1) + (46 - 26) - (14 + -1)?
-21
Evaluate -121 + 178 - (61 - 7).
3
What is -45 + 178 - 204 - (-21 + -1)?
-49
Calculate 0 + 3 + 5 + (-6 + 10 - 89).
-77
Evaluate -6 + -10 + 95 - ((7 - 7) + 13).
66
What is 18 + 45 - (1 - (16 - 18)) - (0 + 10)?
50
Evaluate (1 - -80) + (5 - 38 - -43) - (-4 - -11).
84
Evaluate 1303 - 1345 - (-171 - 2).
131
What is -35 + -68 + 170 + -68?
-1
-28 - (-14 - (-12 + 17)) - (-2 + (3 - -41))
-51
Calculate 71 + -41 + -22 - 91.
-83
(52 - (-16 - -65) - (1 - -7)) + 67
62
27 - (-9 - 30 - -91)
-25
What is the value of 47 + 13 + (-22 - 5) + 7 + 1 + -3?
38
Evaluate -193 + 218 + (-148 - 9).
-132
What is (15695 - 15771) + -1 + 166?
89
-53 + -9 + (-4 - (-1 + 9 + -9))
-65
What is -4490 + 4508 - (0 - 42)?
60
What is the value of -434 + 413 - (12 + (45 - -2))?
-80
Evaluate 580 - 557 - (-9 - 36).
68
Evaluate -14 - (7 + (12 + -16 - 2) + 23).
-38
Calculate -14 + (14 - -6 - 0) - (80 + -64).
-10
What is -32 + (43 + -20 - -80)?
71
Evaluate (-108 - -238) + -64 + 40.
106
What is (347 - 361 - (-25 + 1)) + (0 - -10)?
20
Calculate (5 - 0) + (0 - 6 - (363 + -341)).
-23
(-51 - -51) + (-2 - -7 - -8 - -25)
38
What is the value of -4 - (-18 + 8 + 10 + -35 + -13)?
44
What is the value of 10 - (84 - ((-10 - -2) + (7 - (45 + -35))))?
-85
Evaluate 23 + -2 - (37 + 16 + -17).
-15
What is 6 + 0 + -31 + 88 + -70 + 5 + -6?
-8
Calculate 10 + (-137 - -151) - (-1 - -20).
5
What is the value of (2 - 37) + 96 - (9 + -16)?
68
What is the value of (1 - (68 + -23)) + 42?
-2
(-2 - (-62 - (-2 - 1)) - (-79 + 82)) + -7
47
Evaluate 14 - ((-2 - (31 + -19)) + 85).
-57
What is (-5 - -1) + 44 + -37 - (6 - (3 + 92))?
92
Calculate (-64 - 26 - -93) + 11.
14
What is the value of 27 - (-18 - -26) - 24 - -19?
14
Evaluate 43 - ((148 - 161) + (1 - 5) + 1).
59
Evaluate 30 + -43 + 34 + -5 + 6.
22
What is the value of 24 - (-23 + 21 + -34) - -1?
61
Calculate 14 - -41 - (5 + 1 + 1 - 4).
52
What is the value of (130 - 93) + -7 + -12?
18
Evaluate (-84 - -46) + -32 - -17.
-53
What is -1 - 3 - (1853 - 1865)?
8
Calculate 2 + 9 + (6 - (4 + 1)) - (1685 - 1582).
-91
-45 - -44 - -118 - 76
41
Calculate 46 + (39 - -28 - 81).
32
What is the value of (-32 - -39) + 43 - 6 - -29?
73
1 + -7 - 8 - (-967 - -948)
5
Calculate -67 + 2 + 95 - (-2 - -29).
3
What is the value of -178 - (42 + (-123 - 4))?
-93
(-102 - (-120 + 54)) + 84
48
-272 + 221 - (-35 - -7)
-23
Calculate 676 + -694 - (-140 - -9 - (-2 + 0)).
111
48 - ((-25 - -34) + -2 + (-9 - -5))
45
(2 - (5 - (-114 - (-8 + 3)))) + -14 - -15
-111
-1 + (141 - 0 - (-80 - (-152 + 60)))
128
What is the value of (-81 - -106) + -65 - 46?
-86
Calculate -26 - (59 - (129 - 55)).
-11
Evaluate 25 + 4 + (14 - 46) + -47.
-50
What is 1 + -30 + 22 + 14 + 0 + -44?
-37
What is the value of 0 - -12 - ((-22 - 3) + -5 + 23)?
19
Calculate 135 + (62 - 59) - 71.
67
What is the value of 42 + -112 + 44 - -72?
46
What is (3 - 3) + (17 + 6 + -2 - -9)?
30
Calculate 1 + 0 + 17 + -25 + 0 - 33.
-40
-14 + 20 + (32 - 36) - 11
-9
Calculate 396 + -402 + -5 + (-5 - 10).
-26
(-20 - -23) + -21 - -78 - 8
52
74 + 35 + -9 - 42
58
Evaluate 128 - (-63 - (-81 - 90)).
20
What is the value of 5 + (-140 - -149) + 1 + -12 + -2 + -61?
-60
(-1 - -53 - (-40 + -15 + 63)) + -5
39
What is -133 + 134 + (-1 - 1) - 26?
-27
What is -24 - (-19 - (-27 + 22 - -8))?
-2
Evaluate 79 - (90 + -49) - 66.
-28
Calculate 8 - (6 - 3 - -1) - (-22 + (62 - 40)).
4
Evaluate (-3 - (-19 - -4)) + -16 + 2 + 9.
7
Calculate 12 - (9 + (0 - 79 - (-75 - -72))).
79
98 + (35 - (51 + -24) - 6)
100
What is the value of 55 + (-3 - (-12 + (-7 - -12))) + -10 - 6?
43
Calculate -10 + -6 + 9 + (-18 - -6) + -16.
-35
Evaluate -9 + -1 + 330 + -296.
24
What is the value of -3 + -19 + 7 + 10 + 9 + (-20 - -12)?
-4
9 - (-12 - (33 - -17) - -24)
47
What is the value of 11 + 52 + (-26 - (-22 - -16)) + -20?
23
Evaluate (-5 - -16) + (-19 + 1 - 0).
-7
-44 + -20 + 46 + -26
-44
What is the value of 52 + (-54 - -8) + 86?
92
What is the value of 29 - 66 - -22 - (2 + -1) - 6 - -1?
-21
137 + -54 + 30 + -69
44
(4 + -2 - 2) + 2204 + -2226 - 92
-114
Calculate 11 + 27 - (2 + 22).
14
-45 + 9 + -5 + -3 + 19 + -21
-46
Evaluate -59 + 29 + (-16 - -22).
-24
Evaluate (137 - 22) + -61 + (22 - -35).
111
Evaluate 119 - -2 - (-1135 - -1172).
84
-52 + (39 - 41) - -26
-28
(-10 - -29 - -14) + 26 + 3
62
What is 59 + -139 + -22 - -177?
75
What is the value of -1022 - -959 - (-9 - -3 - 4)?
-53
What is (-2841 + 2862 - (21 + (-2 - -1))) + (-6 - 0)?
-5
-48 + 24 - (-18 + -50)
44
What is the value of -2 + 0 + 13 - (26 + -1) - 6?
-20
Calculate 37 - 59 - ((6 - -21) + 9).
-58
Calculate (4 - 0) + (-9 - (-32 + 1 + 4)).
22
12 + (1 - (3 - 2)) + -10 + (-1 - 71)
-70
Calculate 3 - (21 - 28 - -32 - 1).
-21
What is the value of 10 - (43 - (-56 - -88))?
-1
Evaluate 14 - (-3 - -19 - (55 + -23)).
30
What is the value of ((-3 - -8) + -17 - -11 - -7) + -11 - 9?
-14
Calculate 13 + (-343 - -320) + 0 + 17.
7
What is the value of (-35 - (-71 + -4)) + -9?
31
Evaluate -107 - (-15 + (20 - (-19 - -29))).
-102
Calculate 87 + (0 - -1 - (0 - 28 - (408 - 449))).
75
What is (-1 - -43) + 15 + (111 - 41)?
127
Calculate -32 + -7 + (-2 + -1 + 45 + -54 - -8).
-43
-43 - (-18 - (9 + -19 - (17 - 3)))
-49
Calculate (-6 - -6) + 6 + (-3 - -11 - (-39 - -42)).
11
(10 - 8 - -2) + 77 - 14
67
Calculate (0 - -51) + -51 + 114 + -72.
42
What is the value of 67 - (121 + (57 - 196))?
85
(-45 - (14 + -7)) + 35 + 6 + -26
-37
What is the value of (-4 - 17) + (-74 + 66 - (36 + -7))?
-58
What is the value of 63 + 0 - (-20 - (-11 + (-13 - 11)))?
48
(-147 - (-200 - -84)) + -77
-108
What is the value of -2 + 13 + -18 + (-7 + -9 - -27)?
4
What is the value of 49 - (8 + (-83 - -22))?
102
(-15 - (-22 + (-16 - -38))) + 11
-4
What is (-105 - -117) + (-8 - 2) + (39 - 19)?
22
Evaluate (2 - (31 + -20)) + (-6 - -1) + 11.
-3
Evaluate 14 + (-59 - (-149 - -66)).
38
18 + (13 - 11) + -25 + (-1 - -84)
78
Evaluate 25 + -1 - ((10 - 0 - 7) + 4).
17
What is (-60 - -4) + 492 + -374?
62
Evaluate 54 + -53 + (5 - -27 - -2) + 5.
40
What is the value of -32 - -38 - (18 - -15)?
-27
Calculate -130 + (104 - 120) - -281.
135
What is the value of -3 + (7 - (0 + 1)) + 30 + 12?
45
-4 + (7 - -6) + -61 + (25 - 15)
-42
Calculate (30 - 7) + (-23 - 47 - (1 - -8)).
-56
What is the value of 43 + -92 + 32 + 17 + -72 + 2 + -2?
-72
Evaluate 107 + -53 + -9 - 18.
27
Evaluate -1 + -10 - (-4387 + 4403 - (16 - 0)).
-11
6 + 32 + 29 - (-1 - -3 - -2)
63
What is the value of -54 - -4 - (13 + 15 + -45 + 11)?
-44
What is (16 - 39) + 34 - (-1 - (0 + 1))?
13
(20 - 41) + (-7 - (-4 - (-6 - 2)))
-32
30 - (-19 - (-20 + 46)) - (1 - -2)
72
11 + 2 + -2 + (-53 - (-17 - -13))
-38
Evaluate 23 + -40 + 61 - (-3 + 5 + -2).
44
What is the value of -9 + 18 + -45 - (-77 - -78)?
-37
(-37 - -14) + 14 + 14 - (29 + -1)
-23
Evaluate 20 - (19 - (-32 + 14)).
-17
Evaluate -346 - -325 - (9 - -12).
-42
What